Calculate the highest common factor of 207 and v.
9
Let x be (19/(-38))/(-2*5/140). Calculate the highest common factor of x and 34.
1
Suppose 20 = 3*d - 7. Let j be -15*((-3)/45)/((-136)/(-33048)). Calculate the greatest common factor of d and j.
9
Let s be (-72)/4*(-156)/18. Suppose -5*o - 10*z + s = -7*z, -180 = -5*o + 5*z. What is the greatest common divisor of o and 55?
11
Let z = 14 - -14. Let q = -17 - -14. Let b be (-10 + (-448)/(-40))/(q/(-175)). What is the highest common divisor of b and z?
14
Suppose 5*p - 3*z = 530 + 341, z + 687 = 4*p. Calculate the highest common divisor of p and 13430.
170
Let r = -8349 - -8348. Let d(o) = -o**2 - 6*o - 9. Let g be d(-6). Let f be (-1)/(r*(-1)/g). What is the greatest common divisor of 27 and f?
9
Let z(i) = i**3 + 6*i**2 + 4*i + 20. Let m be z(-6). Let v be (m - (-2 - 14))/2. Suppose v*w - 4*w = 28. What is the greatest common factor of w and 42?
14
Suppose 3 + 13 = -8*f. Let g be 1*(f + 2)*7/14. Suppose g = 3*k + 3*l - 5 - 67, 112 = 5*k + 3*l. What is the greatest common divisor of k and 320?
20
Let u be -2 + (0/(-7) - (-1 + -22)). Suppose -4*f - 15 - 6 = s, 2*f - 3*s = -u. Let h be 1/6 - 233/f. What is the highest common divisor of 13 and h?
13
Let w be 8127*1 + (208/(-1144))/((-4)/(-44)). What is the greatest common factor of 13 and w?
13
Let u(d) = -d**3 + 6*d**2 + 11*d - 2. Let j be u(-2). Suppose -8*p + j = -16. Calculate the highest common divisor of 123 and p.
3
Let t = 144 + -94. Let v = 54 - t. Suppose -v*x + 310 = -82. What is the greatest common factor of 147 and x?
49
Suppose -3*h = 4*x - 2648, 247*h + 3538 = 251*h - 2*x. What is the highest common divisor of 68 and h?
68
Suppose 4*k - 5*n = 32277, -63*k = -62*k + n - 8085. What is the greatest common divisor of k and 14?
14
Let b be ((-8)/(-2))/(1 - -1). Let r = -415 - -446. Suppose 25 - r = -3*n. What is the greatest common divisor of b and n?
2
Let f = 131 - 129. Suppose -4*b + g = -8*b + 48, f*b + 4*g = 10. What is the highest common divisor of b and 52?
13
Let g = 1163 - 1086. Calculate the highest common factor of g and 1166.
11
Suppose 32*v = 4*s + 35*v - 2776, 0 = 2*s + 5*v - 1388. Calculate the highest common factor of 6 and s.
2
Let g = 44 - 45. Let y be (-1 + 1)/(g - 0). Suppose 8*d + d - 45 = y. Calculate the greatest common factor of d and 35.
5
Suppose 4*x = -4*k - 4, -7*k - x - 7 = -5*k. Let g be (-49)/(-14) + (-267)/k. Calculate the highest common factor of g and 64.
16
Let r = -2197 + 2379. Calculate the highest common divisor of 126 and r.
14
Suppose -x = 3, -b - 3*x = 2*b - 216. Let n be b - (-5 - -4 - 0). Suppose n = -g + 100. Calculate the highest common divisor of g and 16.
8
Suppose 2*b = 2*n + 16, -56*b - 44 = -60*b + 2*n. Let u(h) = 99*h + 7. Let x be u(7). What is the greatest common factor of x and b?
14
Let s be 8957 + ((-2)/26)/((-14)/91)*-6. Calculate the highest common divisor of 74 and s.
74
Suppose -5*s + 5*w + 540 = 0, -5*s + 587 = -3*w + 43. Let q = s - 113. Let b be -39*((-10 - q) + 0). Calculate the highest common factor of b and 39.
39
Let p be ((-1410)/(-21))/(4/28). Suppose p = -20*s + 22*s. Let y = -140 + s. What is the highest common divisor of y and 38?
19
Let w be 28 + (-2)/((-4)/2). Suppose 2690 = 11*u - 2414. Let s = -261 + u. Calculate the highest common factor of w and s.
29
Let y(w) = -w**3 - 16*w**2 - 17*w - 9. Let x(h) = -h**3 - 17*h**2 - 13*h + 33. Let s be x(-16). Let o be y(s). Calculate the highest common divisor of o and 56.
7
Let u(d) = 2*d - 8. Let m be u(8). Let r = m - -7. Suppose 4*t - 5*k - 490 = t, -4*t - 4*k + 664 = 0. What is the greatest common divisor of r and t?
15
Let m be ((-63)/84)/((-3)/8). Suppose -m*x - 399 = x. Let v = x + 213. Calculate the greatest common factor of v and 10.
10
Suppose 3*f - 9 = 8*a - 7*a, -4*f + a = -11. Let i be (-885)/(-12) + 4/16. What is the greatest common factor of i and f?
2
Let x be 20/(-35)*42/132 + (-8606)/(-22). Calculate the greatest common factor of 17 and x.
17
Let v = 600 + -600. Suppose 40*c - 6785 - 14295 = v. What is the greatest common divisor of 17 and c?
17
Let s(b) = -b**2 + 84*b - 935. Let y be s(64). What is the highest common divisor of 92 and y?
23
Let u be (5304400/600)/(0 - (-4)/6). Calculate the greatest common factor of u and 89.
89
Let o be (-13)/(-26) - (-6910)/4. Calculate the highest common factor of 81 and o.
27
Let k(z) = z**3 + 8*z**2 + 8*z + 10. Let t be k(-7). Let a = 5096 + -5089. Calculate the greatest common divisor of t and a.
1
Let i = -63 + 64. Let h be (4 - 0)/(2/i). Let f = h - -16. Calculate the highest common factor of f and 54.
18
Let z(x) be the second derivative of x**4/12 - 3*x**3 - 59*x**2/2 + 2*x + 2. Let c be z(23). What is the greatest common divisor of c and 16?
8
Let m(n) = n**2 + 5*n + 6. Let i be m(-4). Let q(h) = -123*h + 7. Let v be q(i). Let g = 392 + v. Calculate the highest common factor of g and 17.
17
Let p = -10319 - -10540. Let i be 1 + 0 + 18 + -2. Calculate the highest common factor of p and i.
17
Let q be (-105)/(-20)*(12 - 0). Let r be ((-24)/10)/((-9)/15)*(-21)/(-12). What is the greatest common divisor of r and q?
7
Let f = 44 - 43. Let k be (174/24)/(f/(-8)). Let g be 14/(-56) + k/(-8). Calculate the greatest common factor of g and 7.
7
Suppose -4*n + 3 + 1 = 0. Suppose 24*r - 2755 = 53*r. Let i be (-5 - (-6)/(-6)) + r/(-5). What is the highest common factor of i and n?
1
Suppose 13 = 4*k - 3*w - 26, 2*w = -k + 18. Let n be 0 + -2 - (k + -188). Calculate the highest common divisor of 116 and n.
58
Suppose 203*c - 195*c - 3328 = 0. Suppose 5*m - 281 = -21. Calculate the greatest common divisor of c and m.
52
Let y = -105 - -163. Let q = -21 + y. Calculate the greatest common divisor of 185 and q.
37
Let y be -1 - -25 - 2/(-1). Let z be (-52)/(-7)*((-4540)/(-56) + 136/(-238)). Calculate the highest common divisor of z and y.
26
Let q be 3 + (-1*(-4)/(-2) - 1). Suppose 2*m - 4*m + 520 = q. Suppose 0*o - 10*o = -m. What is the highest common divisor of 104 and o?
26
Let z = -1225 + 1351. Suppose 0 = 12*l - 1944 - 0. What is the greatest common factor of z and l?
18
Let r(b) = b**2 - 29*b + 114. Let h be r(27). Suppose d = -3*k + 12, d = -4*d - 3*k + h. What is the highest common factor of d and 30?
6
Suppose 5*m - 62 = -7. Let a be (28/70 - 0)/((-2)/20). Let k be 23 - (1 + a + -1 - -5). Calculate the greatest common divisor of k and m.
11
Let d = -7 - -2. Let u be ((-66)/d)/(-4 - 126/(-30)). Suppose -2*k = 2*m - 12 - 12, 0 = -4*k + 5*m + u. What is the highest common factor of k and 14?
14
Let t = -48880 - -48908. Let p = -7 - -21. Calculate the greatest common factor of t and p.
14
Let l(z) = z**3 + 11*z**2 + 5*z - 5. Let a be l(-9). Let b = -134 - -134. Suppose -56*u + 52*u + 128 = b. Calculate the greatest common divisor of u and a.
16
Let n = -17827 - -23665. What is the greatest common factor of 14 and n?
14
Let x = -8491 - -8556. Calculate the highest common factor of 1937 and x.
13
Let l be -74 + 66 - (-127 - 3 - -1). Calculate the highest common factor of 583 and l.
11
Let d(h) = 2 + 125*h**2 - 5 + 0*h - 14*h**2 + 2*h. Let q be d(1). Calculate the greatest common divisor of 10 and q.
10
Let x = 316 + -192. Suppose -4*y - 2*l = -7 - 465, y = l + x. Suppose -o + y = 110. What is the highest common divisor of 5 and o?
5
Suppose 4*g + 23 - 131 = 0. Let h = 4347 - 6615. Let v be h/56*-2*1. Calculate the highest common divisor of v and g.
27
Let a(d) = d**2 + d - 11. Let y(o) = 2*o - 16. Let g be y(12). Suppose -g*b - 5 = -7*b. Let q be a(b). Calculate the highest common factor of 1 and q.
1
Let l = 29 - -34. Let d be (-946)/(-14) + 27/l. Calculate the greatest common factor of d and 238.
34
Let r(d) = -1896 - 27*d**2 + 1899 + 26*d**2 + 13*d. Let h = -16 - -27. Let g be r(h). Calculate the greatest common divisor of 5 and g.
5
Let m be (-19 - 2)*1/((-21)/14). Suppose -5*t + 11 + m = 4*d, 2*t - 10 = -2*d. What is the greatest common divisor of 10 and t?
5
Let h be (15 - (-139)/(-2))/(0 + 1/(-30)). What is the highest common factor of h and 105?
15
Let d = 12695 - 12647. Calculate the greatest common factor of d and 7272.
24
Suppose 5*v = -2*d + 204, v + 9*d - 34 = 12*d. Let p be ((-24)/v)/((-5)/375). Calculate the highest common divisor of 36 and p.
9
Let s(t)